Suppose x + x - 28 = 0. Let i(r) = -7*r**2 - r + 2. Let g be i(1). Let o = g + x. What are the prime factors of o?
2
Suppose 5*t + 2*s = 3314 + 24996, 3*t + s - 16987 = 0. List the prime factors of t.
2, 3, 59
Let a(g) = 6*g**2 + g - 2. Let y = -36 - -51. Let s be 8/5 - (-6)/y. What are the prime factors of a(s)?
2, 3
Suppose -149 = -n + 183. Suppose -b + 5*x = -4*b + 224, -2*x = -5*b + n. What are the prime factors of b?
2, 17
List the prime factors of 3669*((-6)/(-18))/1.
1223
Let x(y) = -170*y - 788. List the prime factors of x(-7).
2, 3, 67
Let m = 1217 + -475. What are the prime factors of m?
2, 7, 53
Let k = 17 + -20. Let p be (1/3)/(k/(-477)). Suppose -4*c - 52 = -4*b, -b + p = 4*c + 15. What are the prime factors of b?
2, 3
Suppose l = 6*l. Suppose 2*t + 14 - 48 = -3*w, 5*w - 2*t - 62 = l. List the prime factors of w.
2, 3
Let t be -38 - 1 - (0 - 2). Let c = t - -25. Let h = c - -39. What are the prime factors of h?
3
Let r(u) be the third derivative of 0*u - 11/24*u**6 + 0*u**5 + 0 - 1/6*u**3 - 1/24*u**4 + 10*u**2. What are the prime factors of r(-1)?
5, 11
Suppose 0*t - 4*t = 248. Let c = -40 - t. Suppose -c = -3*r + 2*i, 0*i - 4*i + 56 = 4*r. What are the prime factors of r?
2, 5
Suppose 17 = -0*n - 2*n - 5*d, -26 = -4*n + 2*d. Let z = 18 - 21. List the prime factors of (z - -1)*(-82)/n.
41
Suppose 7*d = 8*d - 176. Let b = -108 + d. What are the prime factors of b?
2, 17
List the prime factors of (-13 + 12)/(1/(-1672)).
2, 11, 19
Let a be (-4)/28 - (-3431)/7. Suppose 3*x - 294 = 3*y, -2*x - 3*x + 2*y = -a. Suppose 5*o - 2*o = 4*j + 177, 2*o + 4*j = x. What are the prime factors of o?
5, 11
Suppose -3*f = y - 4, f - 5*y - 10 = 2. What are the prime factors of ((-7)/(-2) - 3)*f - -42?
43
Let y(n) = 7*n**2 + 8*n - 4. Let d be (-10 + 4)*-1*(-3 - -4). List the prime factors of y(d).
2, 37
Let o = 27 - 24. Suppose -2*v = -4*i + 38, 4*v - 44 = i - o*i. What are the prime factors of 15/(-2)*(-80)/i?
2, 5
What are the prime factors of ((-3142)/(-8))/(10 + (-1264)/128)?
2, 1571
Suppose -4*s + 3*q + 34 = 0, 8 = -2*s + 5*q + 32. Let h(k) = k**3 - 6*k**2 - 3. What are the prime factors of h(s)?
2, 23
Let m be 2*-7 + (3 - 6). Let b = m + 23. What are the prime factors of b?
2, 3
Let d(p) = -p**2 - 10*p - 5. Let l be d(-5). Let s = -12 + l. List the prime factors of s.
2
Let v = 495 + -95. Let a = v - 128. What are the prime factors of a?
2, 17
Let p be 6/12*16*32. Suppose 239 = 5*b - p. List the prime factors of b.
3, 11
Let f = 1746 + -2484. Let s = -444 - f. What are the prime factors of s?
2, 3, 7
Let u(v) = -16*v + 5. Let d be (4/(-5))/(22/(-1045)). Let n = 34 - d. What are the prime factors of u(n)?
3, 23
Let y(b) = b**2 - b. Let m(h) = -8*h**2 - 3*h. Let g(x) = -m(x) - 3*y(x). What are the prime factors of g(-4)?
2, 7
Let h(b) = b**3 - 5*b**2 - 4*b - 8. Let w be h(6). Suppose 6*x = w*l + x + 97, -2*l + 3*x - 51 = 0. List the prime factors of (0 + l)*1/(-3).
2, 3
Let c = -43 - -47. Suppose -4*o + 105 = -3*s, -s = c*s + 15. What are the prime factors of o?
2, 3
Suppose 0 = 16*r - 11*r - 165. Let b = r - -32. List the prime factors of b.
5, 13
Let a be 8/3 + 4*(-1)/(-12). Suppose 0 = a*h + 3*o - 771, -4*h + 342 = -2*o - 662. What are the prime factors of h?
11, 23
Let v(u) be the first derivative of 13*u**3/3 + 3*u**2/2 - 2*u + 4. What are the prime factors of v(2)?
2, 7
Let c be 77/14 - (0 + 1/2). Suppose -4*f = w - 533, -c*w + 0 = -f + 107. List the prime factors of f.
2, 3, 11
Let z(m) = m**2 - 10*m + 4. Let g be z(10). Suppose -2*b = 2 - g. List the prime factors of b - (-2 + (-4)/(-4)).
2
Suppose 4*h + 38 = -h + m, 5*m = 3*h + 14. Let v = 156 - h. List the prime factors of v.
2, 41
Let d(p) = p**3 + p**2 + p - 6. Let b be d(3). Suppose -2*h = -3*l + 55 + 39, l - b = h. What are the prime factors of l?
2, 7
Suppose 0*i - 9*i + 5121 = 0. List the prime factors of i.
569
Suppose 3*l + 3*f = 0, 5*l = l + 4*f + 40. Suppose 0 = l*z + 6 - 16. Suppose -z*d + 67 = 4*k + 15, 2*k - 52 = -2*d. What are the prime factors of d?
2, 13
Suppose -19 = -5*k + 71. Suppose 15*q - k*q + 531 = 0. What are the prime factors of q?
3, 59
Suppose -5*w - 4*f + 48 = -w, -2*f + 34 = 3*w. What are the prime factors of -6*w/15 + 50?
2, 23
Suppose -3*l = 5*v + 4852, 0 = -v - 0*v + 3*l - 956. List the prime factors of (1/(-2))/((4/v)/1).
11
What are the prime factors of 2739/3 + -1*4?
3, 101
Let u(s) = -3*s**2 + 16*s + 3. Let x be u(7). Let d be (1032/x)/((-6)/8). Suppose 7*g - 6*g = d. What are the prime factors of g?
43
List the prime factors of (0 + 3)*(-12 + 87).
3, 5
Suppose 2*b - 19 = 3*c - 4*c, 0 = -5*b - c + 40. Suppose b*h - h - 342 = 0. What are the prime factors of h?
3, 19
What are the prime factors of 195/(-156) + ((-17733)/(-4) - 0)?
2, 277
Let r = -19 + -1. Let i = -6 - r. Let j(m) = m**2 - 11*m + 8. List the prime factors of j(i).
2, 5
Suppose -2*i - 5*y = -43 - 384, 2 = -2*y. Let h = 133 + -71. Suppose 2*r = -h + i. List the prime factors of r.
7, 11
Let m be (12/8)/((-2)/(-12)). Let d(z) = -z**3 + 10*z**2 - 8*z + 2. Let b be d(m). Suppose 8*f - b*f = -18. List the prime factors of f.
2, 3
Suppose 0 = -5*u - 5*x + 5, -u - 6 = -5*u - 2*x. Suppose -u*f = -12 + 2. Suppose -8*k + 3*k - 175 = -f*m, 139 = 4*m - 5*k. List the prime factors of m.
2, 3
What are the prime factors of -4 - (3 + 1 + (0 - 337))?
7, 47
Let i(z) = 7*z**2 + 16*z + 52. List the prime factors of i(-11).
3, 241
Suppose -4*v = v - 50. Let l be ((-12)/30)/(2/v). What are the prime factors of 27/(2 + 1/l)?
2, 3
Suppose 3*s - 15 = 0, 5*s - 7 - 12 = 3*n. Suppose n*b - 106 = 4*b. Let v = -4 - b. List the prime factors of v.
7
Suppose -5*b = 20, -2*b - 10 = -3*r + 2*r. Suppose a = -r*a + 246. What are the prime factors of a?
2, 41
Let l = -520 + 1040. List the prime factors of l.
2, 5, 13
Suppose 0 = 5*g + 10, 1390 = 4*z - 8*g + 7*g. List the prime factors of z.
347
Suppose -4*f - 3*y = -4587, -29*y + 24*y + 2311 = 2*f. List the prime factors of f.
3, 127
Let g = -14 - -63. Suppose c + 0*r = -5*r + g, 3*c - 187 = -5*r. What are the prime factors of c?
3, 23
Let g(r) be the third derivative of -r**6/120 + r**5/4 + 5*r**4/24 + 13*r**3/6 + 17*r**2. List the prime factors of g(15).
2, 11
Let j = -262 + 576. What are the prime factors of j?
2, 157
Suppose -4*f - 45 = -281. Suppose 0 = v + 1, -2*v = 3*h - 4*v + 13. Let j = h + f. What are the prime factors of j?
2, 3
Let g(m) = -m**3 + 10*m**2 - 16*m + 5. Let q be g(8). Suppose -2*u = 5*y - 163, -q*y - 4*u + 26 = -145. What are the prime factors of y?
31
Suppose 6*f - 11*f = 0. Suppose -4*g + 2*q + 2 = 0, -2*g = -3*g - 5*q + 17. Suppose -2*t + g*o = 3*t - 75, t - 5*o - 38 = f. List the prime factors of t.
13
Let u(o) = -9*o + 69. What are the prime factors of u(-12)?
3, 59
Let x(f) = 101*f - 52. List the prime factors of x(6).
2, 277
Let g(u) = -29*u**3 - u**2 - 2*u + 3. Let m be g(1). Let o be -11 + -1 + (-1 - 1). Let q = o - m. List the prime factors of q.
3, 5
Suppose -3*f - 35 = -10*f. Suppose f*g - 607 - 313 = 0. What are the prime factors of g?
2, 23
Suppose 4*s = b + 4173 + 136, -1074 = -s - 3*b. What are the prime factors of s?
3, 359
Suppose 3*g - 4*c + 11 + 3 = 0, 4*g = -3*c - 27. Let r(d) = -d**3 - 4*d**2 + 6*d - 7. Let m be r(g). Suppose -m + 7 = -2*a. What are the prime factors of a?
11
Suppose 0 = 7*b + 4*b + 5764. Let d = b - -801. What are the prime factors of d?
277
Let v(p) = 5*p**2 - 5*p + 1. Let g(k) = 2*k**2 - 3*k + 1. Let m(s) = 7*g(s) - 3*v(s). Let u(d) = 3*d + 4. Let w be u(-3). List the prime factors of m(w).
3
Let y(p) = 6*p**2 + 4*p - 28. Let u be y(-12). Suppose 0 = -21*x + u + 1270. What are the prime factors of x?
2, 7
Let l = 98 + -69. Suppose y - 2*r = 16, -y + 5*r + l = y. Let f = y - 9. What are the prime factors of f?
13
Suppose 10 = i + 7. Suppose 0*s + i*s + 15 = 0. List the prime factors of s - (0 - 2) - -12.
3
Let w(s) = -s**3 + 4*s**2 - 4*s - 9. What are the prime factors of w(-8)?
7, 113
Let z(g) = 3*g**2 + g + 578. What are the prime factors of z(0)?
2, 17
Let i be (-124)/(-10) - ((-85)/(-25) + -4). Suppose m + i = 74. List the prime factors of m.
61
Suppose -5*s - x - 361 = 0, x = -s - 2*x - 61. What are the prime factors of 0 - (-6)/(-2) - (s + 2)?
2, 17
Suppose 3*q - 9 = -3. Let l = 13 + -10. Suppose -q*v